{"id":29,"date":"2016-10-07T09:12:22","date_gmt":"2016-10-07T15:12:22","guid":{"rendered":"http:\/\/www.comunidad.escom.ipn.mx\/ua_matdiscretas\/?page_id=29"},"modified":"2016-10-09T17:27:10","modified_gmt":"2016-10-09T23:27:10","slug":"bibliografia","status":"publish","type":"page","link":"https:\/\/www.comunidad.escom.ipn.mx\/ua_matdiscretas\/contenido-tematico\/bibliografia\/","title":{"rendered":"Bibliograf\u00eda"},"content":{"rendered":"<p style=\"text-align: justify;\">En esta secci\u00f3n se presenta la bibliograf\u00eda sugerida para la materia, basada en los datos del programa oficial de la materia.<\/p>\n<h2>Sugerencia del programa<\/h2>\n<p style=\"text-align: justify;\">La bibliograf\u00eda sugerida por el programa consta de cuatro libros,\u00a0mismos que est\u00e1n disponibles en su versi\u00f3n de papel en la biblioteca de la ESCOM-IPN.<\/p>\n<ol>\n<li><em>&#8220;Matem\u00e1ticas Discreta y Combinatoria&#8221;<\/em>, Ralph P. Grimaldi, 3\u00aa edici\u00f3n, Editorial Pearson.\n<p><figure id=\"attachment_30\" aria-describedby=\"caption-attachment-30\" style=\"width: 236px\" class=\"wp-caption aligncenter\"><img decoding=\"async\" loading=\"lazy\" class=\"wp-image-30 size-medium\" src=\"http:\/\/www.comunidad.escom.ipn.mx\/ua_matdiscretas\/wp-content\/uploads\/2016\/10\/81FFqdfOirL-236x300.jpg\" alt=\"Matematica Discreta y Combinatoria - 3 edicion - Portada\" width=\"236\" height=\"300\" srcset=\"https:\/\/www.comunidad.escom.ipn.mx\/ua_matdiscretas\/wp-content\/uploads\/2016\/10\/81FFqdfOirL-236x300.jpg 236w, https:\/\/www.comunidad.escom.ipn.mx\/ua_matdiscretas\/wp-content\/uploads\/2016\/10\/81FFqdfOirL-768x974.jpg 768w, https:\/\/www.comunidad.escom.ipn.mx\/ua_matdiscretas\/wp-content\/uploads\/2016\/10\/81FFqdfOirL-807x1024.jpg 807w, https:\/\/www.comunidad.escom.ipn.mx\/ua_matdiscretas\/wp-content\/uploads\/2016\/10\/81FFqdfOirL-1200x1522.jpg 1200w, https:\/\/www.comunidad.escom.ipn.mx\/ua_matdiscretas\/wp-content\/uploads\/2016\/10\/81FFqdfOirL.jpg 1336w\" sizes=\"(max-width: 236px) 100vw, 236px\" \/><figcaption id=\"caption-attachment-30\" class=\"wp-caption-text\">Portada del libro &#8220;Matem\u00e1tica Discreta y Combinatoria&#8221;<\/figcaption><\/figure><\/li>\n<li><em>&#8220;Matem\u00e1ticas Discretas&#8221;<\/em>, Richard Johnsonbaugh, 6\u00aa edici\u00f3n, Editorial Pearson.\n<p><figure id=\"attachment_31\" aria-describedby=\"caption-attachment-31\" style=\"width: 240px\" class=\"wp-caption aligncenter\"><img decoding=\"async\" loading=\"lazy\" class=\"size-medium wp-image-31\" src=\"http:\/\/www.comunidad.escom.ipn.mx\/ua_matdiscretas\/wp-content\/uploads\/2016\/10\/MatemC3A1ticasDiscretas-6ediJohnsonbaugh-FL-240x300.jpg\" alt=\"Portada\" width=\"240\" height=\"300\" srcset=\"https:\/\/www.comunidad.escom.ipn.mx\/ua_matdiscretas\/wp-content\/uploads\/2016\/10\/MatemC3A1ticasDiscretas-6ediJohnsonbaugh-FL-240x300.jpg 240w, https:\/\/www.comunidad.escom.ipn.mx\/ua_matdiscretas\/wp-content\/uploads\/2016\/10\/MatemC3A1ticasDiscretas-6ediJohnsonbaugh-FL.jpg 616w\" sizes=\"(max-width: 240px) 100vw, 240px\" \/><figcaption id=\"caption-attachment-31\" class=\"wp-caption-text\">Portada del libro &#8220;Matem\u00e1ticas Discretas&#8221;<\/figcaption><\/figure><\/li>\n<li><em>&#8220;Matem\u00e1ticas Discretas y sus aplicaciones&#8221;<\/em>, Kenneth H. Rosen,\u00a05\u00aa edici\u00f3n, Editorial McGrawHill.\n<p><figure id=\"attachment_33\" aria-describedby=\"caption-attachment-33\" style=\"width: 233px\" class=\"wp-caption aligncenter\"><img decoding=\"async\" loading=\"lazy\" class=\"wp-image-33 size-medium\" src=\"http:\/\/www.comunidad.escom.ipn.mx\/ua_matdiscretas\/wp-content\/uploads\/2016\/10\/9788448140731-233x300.jpg\" width=\"233\" height=\"300\" srcset=\"https:\/\/www.comunidad.escom.ipn.mx\/ua_matdiscretas\/wp-content\/uploads\/2016\/10\/9788448140731-233x300.jpg 233w, https:\/\/www.comunidad.escom.ipn.mx\/ua_matdiscretas\/wp-content\/uploads\/2016\/10\/9788448140731.jpg 310w\" sizes=\"(max-width: 233px) 100vw, 233px\" \/><figcaption id=\"caption-attachment-33\" class=\"wp-caption-text\">Portada del libro &#8220;Matem\u00e1tica Discreta y sus aplicaciones&#8221;.<\/figcaption><\/figure><\/li>\n<li><em>&#8220;Matem\u00e1ticas discretas con aplicaci\u00f3n a las ciencias de la computaci\u00f3n&#8221;<\/em>, Jean-Paul Tremblay, R. Manohar, 1\u00aa edici\u00f3n, Editorial CECSA.<\/li>\n<\/ol>\n","protected":false},"excerpt":{"rendered":"<p>En esta secci\u00f3n se presenta la bibliograf\u00eda sugerida para la materia, basada en los datos del programa oficial de la materia. Sugerencia del programa La bibliograf\u00eda sugerida por el programa consta de cuatro libros,\u00a0mismos que est\u00e1n disponibles en su versi\u00f3n <span class=\"readmore\"><a href=\"https:\/\/www.comunidad.escom.ipn.mx\/ua_matdiscretas\/contenido-tematico\/bibliografia\/\">Continue Reading &#8230;<\/a><\/span><\/p>\n","protected":false},"author":2,"featured_media":0,"parent":5,"menu_order":20,"comment_status":"closed","ping_status":"closed","template":"","meta":{"jetpack_post_was_ever_published":false},"jetpack_sharing_enabled":true,"jetpack_shortlink":"https:\/\/wp.me\/P8iVV1-t","_links":{"self":[{"href":"https:\/\/www.comunidad.escom.ipn.mx\/ua_matdiscretas\/wp-json\/wp\/v2\/pages\/29"}],"collection":[{"href":"https:\/\/www.comunidad.escom.ipn.mx\/ua_matdiscretas\/wp-json\/wp\/v2\/pages"}],"about":[{"href":"https:\/\/www.comunidad.escom.ipn.mx\/ua_matdiscretas\/wp-json\/wp\/v2\/types\/page"}],"author":[{"embeddable":true,"href":"https:\/\/www.comunidad.escom.ipn.mx\/ua_matdiscretas\/wp-json\/wp\/v2\/users\/2"}],"replies":[{"embeddable":true,"href":"https:\/\/www.comunidad.escom.ipn.mx\/ua_matdiscretas\/wp-json\/wp\/v2\/comments?post=29"}],"version-history":[{"count":4,"href":"https:\/\/www.comunidad.escom.ipn.mx\/ua_matdiscretas\/wp-json\/wp\/v2\/pages\/29\/revisions"}],"predecessor-version":[{"id":40,"href":"https:\/\/www.comunidad.escom.ipn.mx\/ua_matdiscretas\/wp-json\/wp\/v2\/pages\/29\/revisions\/40"}],"up":[{"embeddable":true,"href":"https:\/\/www.comunidad.escom.ipn.mx\/ua_matdiscretas\/wp-json\/wp\/v2\/pages\/5"}],"wp:attachment":[{"href":"https:\/\/www.comunidad.escom.ipn.mx\/ua_matdiscretas\/wp-json\/wp\/v2\/media?parent=29"}],"curies":[{"name":"wp","href":"https:\/\/api.w.org\/{rel}","templated":true}]}}